 (base 15) to base 12
-47
What is -8 (base 13) in base 6?
-12
-23 (base 6) to base 16
-f
What is 321 (base 4) in base 15?
3c
40 (base 5) to base 6
32
26 (base 13) to base 6
52
1 (base 12) to base 13
1
What is 0 (base 15) in base 14?
0
Convert -211 (base 4) to base 6.
-101
What is 13 (base 6) in base 8?
11
Convert 0 (base 6) to base 7.
0
What is 7 (base 11) in base 7?
10
What is -18 (base 10) in base 2?
-10010
1000 (base 2) to base 4
20
5 (base 13) to base 11
5
What is 1 (base 4) in base 8?
1
-211 (base 3) to base 12
-1a
204 (base 6) to base 8
114
What is -7 (base 9) in base 13?
-7
Convert 1030 (base 4) to base 12.
64
26 (base 10) to base 8
32
What is -20 (base 4) in base 12?
-8
Convert -a2 (base 11) to base 4.
-1300
5 (base 10) to base 5
10
What is -3 (base 8) in base 15?
-3
a (base 12) to base 6
14
d (base 15) to base 11
12
-4 (base 7) to base 3
-11
Convert c (base 15) to base 12.
10
Convert 12 (base 3) to base 8.
5
Convert -e1 (base 15) to base 4.
-3103
2 (base 5) to base 7
2
Convert 10 (base 3) to base 10.
3
a (base 16) to base 2
1010
11 (base 9) to base 5
20
Convert 4 (base 14) to base 8.
4
Convert -101 (base 5) to base 11.
-24
3 (base 14) to base 16
3
Convert 3 (base 9) to base 3.
10
-100011010 (base 2) to base 14
-162
-31 (base 14) to base 16
-2b
Convert 9a (base 11) to base 12.
91
What is -18 (base 12) in base 3?
-202
What is 15 (base 10) in base 2?
1111
Convert -100101 (base 2) to base 5.
-122
Convert 4 (base 11) to base 4.
10
What is -3 (base 14) in base 13?
-3
Convert 6a (base 11) to base 6.
204
Convert -12 (base 6) to base 12.
-8
What is -110 (base 3) in base 9?
-13
Convert 1135 (base 6) to base 12.
1ab
Convert -1 (base 12) to base 15.
-1
What is 1 (base 4) in base 13?
1
What is -a (base 16) in base 14?
-a
What is -14 (base 8) in base 3?
-110
What is 101 (base 4) in base 6?
25
Convert 1 (base 5) to base 12.
1
-2 (base 11) to base 10
-2
3 (base 15) to base 4
3
Convert -12011 (base 3) to base 5.
-1024
What is 1210 (base 5) in base 4?
2310
What is -17 (base 10) in base 15?
-12
What is -6 (base 16) in base 15?
-6
What is 266 (base 8) in base 11?
156
2 (base 6) to base 3
2
What is -7 (base 15) in base 3?
-21
Convert -163 (base 14) to base 8.
-433
What is 1 (base 14) in base 7?
1
5 (base 11) to base 8
5
Convert -99 (base 13) to base 5.
-1001
-20 (base 3) to base 4
-12
-152 (base 7) to base 4
-1112
Convert -1 (base 12) to base 2.
-1
What is 135 (base 12) in base 15?
c5
Convert 24 (base 14) to base 5.
112
What is 4 (base 15) in base 2?
100
Convert 0 (base 13) to base 8.
0
Convert -67 (base 12) to base 11.
-72
Convert 12 (base 9) to base 2.
1011
1a (base 11) to base 4
111
Convert -40 (base 14) to base 7.
-110
What is -a (base 16) in base 10?
-10
What is -21021 (base 3) in base 16?
-c4
9 (base 11) to base 8
11
2 (base 16) to base 14
2
-14 (base 7) to base 11
-10
What is 3 (base 13) in base 5?
3
Convert 0 (base 6) to base 10.
0
Convert 36 (base 14) to base 12.
40
Convert -500 (base 6) to base 4.
-2310
Convert -220 (base 3) to base 9.
-26
Convert -10 (base 7) to base 6.
-11
Convert -4 (base 6) to base 9.
-4
Convert -15 (base 11) to base 9.
-17
What is 1 (base 5) in base 14?
1
Convert -2b (base 13) to base 2.
-100101
Convert 10010 (base 3) to base 13.
66
Convert 8 (base 13) to base 8.
10
3 (base 12) to base 7
3
Convert -3 (base 14) to base 11.
-3
What is 0 (base 7) in base 10?
0
Convert 6 (base 9) to base 3.
20
Convert 1 (base 13) to base 15.
1
What is -28 (base 10) in base 9?
-31
What is -153 (base 6) in base 9?
-76
Convert 44 (base 12) to base 7.
103
Convert -7 (base 9) to base 14.
-7
What is 97 (base 15) in base 3?
12021
Convert -172 (base 10) to base 16.
-ac
Convert -12 (base 8) to base 6.
-14
Convert 1000101 (base 2) to base 15.
49
-1112 (base 3) to base 7
-56
What is 2 (base 3) in base 11?
2
What is 163 (base 7) in base 16?
5e
1110110 (base 2) to base 13
91
Convert -125 (base 6) to base 15.
-38
-141 (base 5) to base 13
-37
Convert 218 (base 10) to base 16.
da
What is -5 (base 11) in base 7?
-5
What is -73 (base 11) in base 14?
-5a
-101 (base 4) to base 11
-16
-1 (base 8) to base 9
-1
Convert -1 (base 8) to base 3.
-1
Convert 100101 (base 2) to base 6.
101
What is 255 (base 6) in base 13?
83
-5 (base 16) to base 2
-101
Convert -1100 (base 2) to base 12.
-10
-7 (base 11) to base 6
-11
b (base 15) to base 8
13
0 (base 14) to base 6
0
What is -63 (base 14) in base 15?
-5c
Convert -10 (base 4) to base 3.
-11
-4 (base 16) to base 15
-4
Convert 27 (base 16) to base 4.
213
What is 16 (base 9) in base 10?
15
Convert 223 (base 5) to base 10.
63
Convert -54 (base 8) to base 3.
-1122
-27 (base 8) to base 16
-17
-5 (base 16) to base 9
-5
Convert 12 (base 6) to base 4.
20
Convert 1 (base 5) to base 11.
1
1a (base 12) to base 5
42
What is 4 (base 8) in base 11?
4
Convert 21 (base 5) to base 10.
11
What is 111000 (base 2) in base 10?
56
What is 3 (base 5) in base 3?
10
1 (base 6) to base 13
1
What is -10 (base 11) in base 13?
-b
What is -d9 (base 15) in base 3?
-21120
Convert 4 (base 12) to base 3.
11
-10 (base 4) to base 9
-4
-367 (base 8) to base 2
-11110111
Convert 22 (base 3) to base 6.
12
Convert -1 (base 6) to base 10.
-1
Convert 3 (base 6) to base 3.
10
0 (base 5) to base 6
0
What is 3 (base 12) in base 8?
3
-8 (base 9) to base 3
-22
What is 3 (base 10) in base 5?
3
Convert 444 (base 6) to base 12.
124
-201 (base 14) to base 7
-1101
What is -45 (base 12) in base 13?
-41
-3 (base 14) to base 13
-3
What is -1 (base 16) in base 4?
-1
What is 2 (base 13) in base 2?
10
Convert 2220 (base 3) to base 8.
116
What is 10 (base 3) in base 12?
3
-300 (base 7) to base 2
-10010011
-8 (base 14) to base 6
-12
What is 1 (base 13) in base 15?
1
-11 (base 2) to base 9
-3
-110 (base 3) to base 2
-1100
What is -8 (base 13) in base 8?
-10
What is 9 (base 10) in base 4?
21
What is 1 (base 8) in base 16?
1
What is 28 (base 11) in base 6?
50
What is 102 (base 4) in base 15?
13
3 (base 9) to base 11
3
What is 23 (base 6) in base 8?
17
0 (base 13) to base 3
0
What is 1 (base 4) in base 15?
1
What is 17 (base 9) in base 3?
121
Convert c (base 15) to base 6.
20
1 (base 15) to base 5
1
Convert -7 (base 9) to base 15.
-7
What is 187 (base 11) in base 8?
330
Convert 6 (base 9) to base 3.
20
What is 9 (base 14) in base 9?
10
-b1 (base 16) to base 4
-2301
-36 (base 9) to base 7
-45
Convert -70 (base 13) to base 6.
-231
What is -f (base 16) in base 15?
-10
Convert -105 (base 13) to base 16.
-ae
Convert 140 (base 8) to base 7.
165
What is 3 (base 5) in base 16?
3
What is 10 (base 3) in base 12?
3
Convert -2 (base 7) to base 13.
-2
What is 0 (base 14) in base 13?
0
6 (base 11) to base 2
110
What is 4 (base 11) in base 8?
4
What is 2 (base 3) in base 14?
2
Convert 200 (base 3) to base 12.
16
Convert -110 (base 2) to base 10.
-6
7 (base 15) to base 5
12
-19 (base 15) to base 10
-24
-14 (base 9) to base 13
-10
Convert e9 (base 16) to base 6.
1025
What is -11 (base 8) in base 3?
-100
-9 (base 15) to base 3
-100
266 (base 8) to base 7
350
What is 53 (base 7) in base 14?
2a
Convert -10010110 (base 2) to base 10.
-150
What is -35 (base 12) in base 16?
-29
Convert 202 (base 3) to base 6.
32
What is -15 (base 8) in base 16?
-d
Convert 3 (base 11) to base 13.
3
-29 (base 15) to base 4
-213
-20 (base 13) to base 5
-101
What is 79 (base 16) in base 9?
144
-1220 (base 4) to base 10
-104
-c (base 14) to base 12
-10
Convert 1 (base 8) to base 6.
1
What is -41 (base 6) in base 15?
-1a
What is -2 (base 12) in base 7?
-2
What is 86 (base 11) in base 8?
136
2 (base 3) to base 2
10
1 (base 14) to base 16
1
What is -1001 (base 2) in base 9?
-10
Convert 106 (base 13) to base 4.
2233
-203 (base 7) to base 15
-6b
Convert -16 (base 13) to base 8.
-23
-7 (base 9) to base 12
-7
101 (base 11) to base 6
322
-2 (base 7) to base 9
-2
Convert -83 (base 11) to base 14.
-67
Convert -8 (base 12) to base 16.
-8
What is -3 (base 4) in base 7?
-3
Convert 207 (base 11) to base 7.
504
Convert 0 (base 14) to base 12.
0
What is 33 (base 7) in base 11?
22
What is -20 (base 16) in base 5?
-112
-51 (base 7) to base 11
-33
-10 (base 6) to base 11
-6
1141 (base 5) to base 4
2223
-1 (base 7) to base 15
-1
Convert 7b (base 15) to base 9.
138
-111110 (base 2) to base 8
-76
What is -17 (base 13) in base 15?
-15
What is a (base 11